 9) in base 11?
-19162
Convert 11000100111010 (base 2) to base 16.
313a
Convert -54033 (base 8) to base 7.
-122521
Convert -10000110 (base 2) to base 11.
-112
-8302 (base 11) to base 14
-4029
What is 15b (base 13) in base 9?
302
Convert 441341 (base 5) to base 15.
479b
-3014 (base 8) to base 14
-7c8
Convert 5 (base 13) to base 9.
5
-10101000110100 (base 2) to base 12
-6304
-11198 (base 14) to base 5
-2311430
What is -13837 (base 9) in base 3?
-110221021
What is -10011010110111 (base 2) in base 3?
-111121002
3c86 (base 14) to base 6
121314
1088 (base 9) to base 15
38e
Convert -4936 (base 10) to base 4.
-1031020
144d (base 14) to base 10
3597
What is 16643 (base 7) in base 10?
4784
What is 22550 (base 8) in base 9?
14120
Convert 157 (base 14) to base 16.
111
1001000110011101 (base 2) to base 15
b0a2
Convert -1406 (base 9) to base 2.
-10000100011
What is -9a6 (base 11) in base 4?
-102311
-99b0 (base 12) to base 6
-210340
Convert 70d (base 16) to base 9.
2425
Convert -1255 (base 9) to base 13.
-575
What is 368 (base 14) in base 5?
10210
What is 313220 (base 5) in base 10?
10435
Convert dbe7 (base 15) to base 12.
22b47
Convert -111202222 (base 3) to base 2.
-10011100111011
33522 (base 7) to base 14
3149
-a69 (base 12) to base 8
-2761
What is -440131 (base 5) in base 2?
-11101011000001
What is -11101101 (base 3) in base 10?
-3196
Convert -5483 (base 10) to base 7.
-21662
Convert -763 (base 9) to base 16.
-270
What is -301 (base 8) in base 11?
-166
What is -1f38 (base 16) in base 2?
-1111100111000
Convert 24510 (base 8) to base 12.
6148
Convert 165535 (base 7) to base 4.
20012233
Convert 199 (base 10) to base 13.
124
Convert -33b2 (base 14) to base 12.
-5240
Convert 1026 (base 15) to base 3.
11200100
Convert 2311233 (base 4) to base 8.
26557
-122342 (base 6) to base 8
-25266
Convert 38d (base 15) to base 11.
675
Convert 1013131 (base 4) to base 11.
3488
7048 (base 10) to base 11
5328
-c84b (base 13) to base 8
-66203
What is -123c4 (base 13) in base 2?
-1000001101010110
-111110 (base 3) to base 4
-11223
What is -71b (base 15) in base 4?
-121001
Convert -133 (base 12) to base 9.
-223
Convert -2865 (base 10) to base 14.
-1089
Convert 927 (base 12) to base 14.
6ab
Convert 2425 (base 6) to base 5.
4333
What is -24556 (base 7) in base 2?
-1100100111100
-53a (base 14) to base 7
-3003
Convert 531 (base 9) to base 11.
364
What is -631 (base 16) in base 7?
-4423
What is b0 (base 12) in base 6?
340
Convert -1a8b (base 12) to base 5.
-101100
Convert -101101000101 (base 2) to base 12.
-1805
1535 (base 9) to base 3
1121012
344066 (base 7) to base 2
1111000000000101
-110211 (base 3) to base 10
-346
Convert -3003244 (base 5) to base 2.
-1011100011011100
Convert -3161 (base 16) to base 6.
-134305
Convert 1dd0 (base 15) to base 11.
4975
Convert c4 (base 14) to base 2.
10101100
What is 10103223 (base 4) in base 16?
44eb
Convert -101101011110 (base 2) to base 10.
-2910
-20445 (base 6) to base 9
-3712
-2679 (base 12) to base 6
-32233
1244 (base 7) to base 15
218
Convert 16262 (base 7) to base 10.
4601
What is 2780 (base 10) in base 6?
20512
What is -5523 (base 11) in base 15?
-225a
35f8 (base 16) to base 15
4161
-201a (base 13) to base 16
-1141
What is -238 (base 13) in base 6?
-1441
What is 3484 (base 10) in base 2?
110110011100
92 (base 10) to base 9
112
Convert 3266 (base 7) to base 3.
1121112
Convert 13222 (base 4) to base 8.
752
Convert -261 (base 8) to base 15.
-bc
11000 (base 5) to base 12
526
-11455 (base 6) to base 9
-2278
23b (base 12) to base 7
656
2b5 (base 12) to base 14
225
What is 892 (base 15) in base 12?
1155
Convert -184a3 (base 11) to base 13.
-ba23
-3b63 (base 12) to base 8
-15273
What is -1a94 (base 11) in base 4?
-221110
-a56 (base 13) to base 16
-6e1
Convert 243 (base 12) to base 4.
11103
Convert 101001110001001 (base 2) to base 5.
1141020
-144161 (base 7) to base 6
-333015
-1334344 (base 5) to base 9
-41616
What is -2505 (base 8) in base 14?
-6c5
Convert 1024142 (base 5) to base 12.
a0ba
c83 (base 14) to base 15
ae7
Convert -1151 (base 11) to base 7.
-4253
What is -2000002 (base 3) in base 7?
-4154
What is -aa4 (base 11) in base 3?
-1211001
Convert 1d (base 16) to base 7.
41
Convert 1167 (base 9) to base 15.
3d1
5b (base 12) to base 4
1013
-9509 (base 10) to base 5
-301014
44110 (base 5) to base 6
22010
Convert -1675 (base 14) to base 4.
-332313
What is -22122 (base 3) in base 14?
-129
What is 10043 (base 8) in base 12?
2483
What is 2079 (base 11) in base 3?
10202210
1264 (base 7) to base 16
1e7
12334 (base 5) to base 10
969
Convert -338b (base 14) to base 5.
-241233
-2374 (base 15) to base 3
-101100001
Convert -135321 (base 6) to base 3.
-122122111
12503 (base 8) to base 14
1dab
Convert 222 (base 9) to base 5.
1212
561 (base 13) to base 4
32130
What is cc2 (base 13) in base 12?
1322
Convert 3a (base 12) to base 8.
56
762 (base 13) to base 10
1263
What is 1033030 (base 4) in base 9?
6851
What is d39 (base 16) in base 10?
3385
27145 (base 8) to base 6
130553
-5735 (base 10) to base 7
-22502
2202 (base 12) to base 9
5122
-71a0 (base 12) to base 16
-3048
Convert 598 (base 10) to base 4.
21112
Convert 230332 (base 4) to base 15.
cbd
2191 (base 12) to base 7
13546
109d4 (base 14) to base 8
116656
Convert 101444 (base 7) to base 3.
212211122
-10322 (base 4) to base 15
-15e
-125a (base 12) to base 3
-2212021
2565 (base 8) to base 9
1822
2122012 (base 3) to base 8
3602
What is -4634 (base 7) in base 5?
-23231
What is -1624 (base 8) in base 10?
-916
Convert 655 (base 16) to base 11.
1244
What is 652 (base 14) in base 5?
14443
Convert 113120 (base 4) to base 8.
2730
740 (base 14) to base 16
594
Convert -2023434 (base 5) to base 8.
-100342
1110010101 (base 2) to base 4
32111
Convert 102101 (base 3) to base 12.
217
Convert -8419 (base 10) to base 9.
-12484
-67e (base 16) to base 15
-75c
What is -37 (base 11) in base 3?
-1111
5246 (base 8) to base 13
1319
What is -4332 (base 5) in base 9?
-727
Convert -49e (base 15) to base 7.
-3026
What is -937 (base 16) in base 5?
-33414
-406 (base 15) to base 14
-48a
What is 1553 (base 8) in base 4?
31223
What is -342 (base 7) in base 11?
-151
-1350 (base 9) to base 2
-1111111001
Convert 72760 (base 8) to base 9.
45366
Convert 10520 (base 6) to base 10.
1488
-e47 (base 15) to base 9
-4364
What is 13340 (base 5) in base 4?
101013
Convert -20313 (base 4) to base 5.
-4232
Convert 100010100010 (base 2) to base 15.
9c5
-521 (base 10) to base 11
-434
What is 50535 (base 6) in base 13?
3071
What is -26542 (base 10) in base 4?
-12132232
Convert -16382 (base 9) to base 16.
-2bf4
Convert 110111010100 (base 2) to base 11.
2729
44514 (base 10) to base 16
ade2
Convert -113210 (base 7) to base 16.
-4f76
What is 12210 (base 3) in base 12?
110
-4dbc (base 15) to base 11
-11523
Convert 529 (base 10) to base 3.
201121
What is 23011 (base 4) in base 7?
2032
Convert c8b (base 13) to base 7.
6151
616 (base 13) to base 16
409
Convert -2231 (base 4) to base 6.
-445
-1325 (base 7) to base 5
-4014
-2979 (base 14) to base 15
-22a9
What is 114 (base 10) in base 15?
79
What is -10578 (base 15) in base 2?
-1100101010010111
What is -100011101001001 (base 2) in base 15?
-5619
Convert 28946 (base 12) to base 3.
2212201000
Convert -1010220120 (base 3) to base 10.
-22533
Convert -10100011110101 (base 2) to base 12.
-6099
Convert 393 (base 13) to base 10.
627
Convert 199a5 (base 11) to base 8.
66260
What is 250 (base 6) in base 7?
204
What is -132211 (base 4) in base 2?
-11110100101
What is 222021 (base 3) in base 8?
1305
What is -333 (base 15) in base 5?
-10343
-1588 (base 11) to base 13
-c04
141 (base 8) to base 12
81
Convert -303 (base 9) to base 4.
-3312
What is -5504 (base 6) in base 13?
-763
-89 (base 13) to base 11
-a3
Convert -134333 (base 6) to base 11.
-9567
-194 (base 14) to base 11
-277
33c (base 14) to base 9
783
Convert -220121120 (base 3) to base 12.
-a473
What is 241 (base 14) in base 15?
1ee
What is -21220 (base 4) in base 13?
-385
Convert 9224 (base 15) to base 5.
1441414
What is -16407 (base 10) in base 12?
-95b3
Convert 10331031 (base 4) to base 13.
9318
What is -3a21 (base 11) in base 10?
-5226
What is 1613e (base 16) in base 11?
61a3a
-14422 (base 5) to base 6
-5421
What is -305 (base 10) in base 11?
-258
6b5 (base 14) to base 13
7